2, what is -880557 - 1a?
-880575
In base 11, what is 5652 - -263?
5905
In base 6, what is 1 + -3550000354?
-3550000353
In base 3, what is -1001010 - 11201200210?
-11202201220
In base 13, what is -1 + 27692142?
27692141
In base 7, what is 145314 - -3545?
152162
In base 6, what is 12 + -4004100?
-4004044
In base 15, what is 688 + -131b?
-b83
In base 2, what is -100000011000010111 + 101001110?
-100000010011001001
In base 2, what is 10010110001 - 100110101101100?
-100100010111011
In base 10, what is 18695 - -813?
19508
In base 3, what is -2120012 + 2010?
-2111002
In base 10, what is 0 - -11325919?
11325919
In base 16, what is -197 - 103c03?
-103d9a
In base 8, what is 0 - 74470670?
-74470670
In base 12, what is -59882 + -56?
-59918
In base 15, what is 1ace9e + -66?
1ace38
In base 4, what is 203121200033 + -30?
203121200003
In base 3, what is -121110012012 + 112122?
-121102122120
In base 14, what is 175 - 98594?
-9841d
In base 6, what is -13 - 10352055425?
-10352055442
In base 10, what is 2474 + -15594?
-13120
In base 10, what is 6 - -70379650?
70379656
In base 8, what is -47476 - -15?
-47461
In base 7, what is 41 + 2225553?
2225624
In base 10, what is 48 - 435423?
-435375
In base 15, what is 38 - 617c5?
-6178c
In base 10, what is -23769 + -14?
-23783
In base 10, what is 3 - 62413818?
-62413815
In base 11, what is -751 + 4248a?
41839
In base 11, what is -1a6 - 336914?
-33700a
In base 13, what is 66c0 + -34a3?
321a
In base 15, what is 1 - 1991572?
-1991571
In base 12, what is 46 + 15a4a08?
15a4a52
In base 3, what is -22010110222001 - 201?
-22010110222202
In base 16, what is 2340 - 364?
1fdc
In base 15, what is -200d - -a36?
-14c7
In base 14, what is 77 + 23ba06?
23ba7d
In base 12, what is 56591115 + 3?
56591118
In base 14, what is -14 - -43032?
4301c
In base 15, what is -3ac - 10c40?
-110ec
In base 14, what is 3dd38 - 1?
3dd37
In base 5, what is 1 + -443024423321?
-443024423320
In base 7, what is -2144 - 6102?
-11246
In base 16, what is 2 - 53c710?
-53c70e
In base 11, what is -3712a83 + 170?
-3712913
In base 10, what is -387 - 48838?
-49225
In base 4, what is -101121 - -1333331230?
1333230103
In base 9, what is 4 - -347178?
347183
In base 12, what is 5792b27a2 + 0?
5792b27a2
In base 3, what is 10021002021 + 10202?
10021020000
In base 12, what is -6996 - 664?
-743a
In base 9, what is -4 + -183842173?
-183842177
In base 11, what is 13619 - -155?
13773
In base 15, what is -26880e3 - -3?
-26880e0
In base 8, what is 117 - -7115002?
7115121
In base 16, what is 2 - 45abb6?
-45abb4
In base 8, what is 43440 - 2225?
41213
In base 15, what is b90ab + -2b4?
b8ce7
In base 14, what is 1249d6 + -3?
1249d3
In base 5, what is -313312012 - -3?
-313312004
In base 9, what is -76744168 - -4?
-76744164
In base 15, what is -83bc1 + a8?
-83b18
In base 13, what is -19462c - -aa7?
-193855
In base 3, what is 12112 + 10210221000211?
10210221020100
In base 13, what is 0 + -148a375?
-148a375
In base 4, what is 1033230 + 1322000?
3021230
In base 4, what is -111023 - -302121313?
302010230
In base 6, what is -43240 - 1330541?
-1414221
In base 9, what is 3353 - 741?
2512
In base 6, what is 2012351014 - 5?
2012351005
In base 5, what is 1023 - -12131443?
12133021
In base 3, what is 1 + -1010022212122001?
-1010022212122000
In base 12, what is -18 - -17882?
17866
In base 9, what is 8 + -3812175?
-3812166
In base 14, what is -12190c - -1d?
-1218cd
In base 5, what is -1233 + -13203322?
-13210110
In base 13, what is -1263 + 3a6?
-b8a
In base 4, what is -131301231100 - -2?
-131301231032
In base 5, what is 4 - -333431021?
333431030
In base 13, what is -a30c + 419b?
-6141
In base 2, what is 0 - -1100111101101101110111?
1100111101101101110111
In base 14, what is 20026 + 12a?
20152
In base 12, what is -2 - 6260b10?
-6260b12
In base 9, what is -148547 + -1608?
-151256
In base 9, what is -5252 + 6443?
1181
In base 9, what is 3321 + 4170?
7501
In base 14, what is -1d + 22c11a?
22c0db
In base 16, what is -2 + -210fe6?
-210fe8
In base 10, what is 4058200 - 5?
4058195
In base 9, what is 588483 + -174?
588308
In base 16, what is 863 - 433?
430
In base 9, what is -12 - 2174608?
-2174621
In base 16, what is -4f74c29 - -2?
-4f74c27
In base 5, what is 10 + -23131001304?
-23131001244
In base 7, what is 4 - 110144233?
-110144226
In base 11, what is 2001667 + -52?
2001615
In base 2, what is -1111000111001111011010000 + -110?
-1111000111001111011010110
In base 5, what is -10 - -224303231?
224303221
In base 4, what is 131 + 30121011110?
30121011301
In base 3, what is -22021220111 - -120?
-22021212221
In base 7, what is 23303 - 225533?
-202230
In base 7, what is -10 - -664462062?
664462052
In base 9, what is -1 - 160431203?
-160431204
In base 2, what is -1100011110010011110 + -11110?
-1100011110010111100
In base 10, what is -19891 + -169?
-20060
In base 16, what is 28daf + 16b?
28f1a
In base 15, what is -4b867 + -3?
-4b86a
In base 6, what is 1 + 104154114?
104154115
In base 3, what is -121 - -1111122010221?
1111122010100
In base 16, what is 599f843 - -1?
599f844
In base 11, what is 1271286 + 7?
1271292
In base 10, what is -46 - -421300?
421254
In base 13, what is 690cbc71 + 5?
690cbc76
In base 15, what is -254111 - -6c?
-254094
In base 4, what is -101311233000 - 31?
-101311233031
In base 13, what is 38c + -120b?
-b4c
In base 6, what is 10 + -10350420254?
-10350420244
In base 13, what is 4ba0 + 6b3?
5583
In base 5, what is 44013 - -11214?
110232
In base 5, what is 1 + 4022422302?
4022422303
In base 15, what is 0 + -9b2a20?
-9b2a20
In base 15, what is 19 + d34644?
d3465d
In base 11, what is -a131 + 387?
-9855
In base 7, what is 51 - -4363423?
4363504
In base 2, what is 1000011011001 - -10110111000?
1011010010001
In base 2, what is -101 - -1010000110000001000000011?
1010000110000000111111110
In base 13, what is 14a0c + a0c?
1571b
In base 13, what is -9ba3c18 - -4?
-9ba3c14
In base 10, what is -9 + -484988?
-484997
In base 15, what is 2a623a + 58?
2a6293
In base 14, what is 3 - -4d85a85?
4d85a88
In base 12, what is -b + 9b630a?
9b62bb
In base 8, what is -6636 - -11351?
2513
In base 6, what is 1031514 + -2024?
1025450
In base 12, what is -3 + -7a8990?
-7a8993
In base 9, what is -476016840 + -1?
-476016841
In base 15, what is -8c5066b - 4?
-8c50670
In base 14, what is -5250 - -cd0?
-4360
In base 12, what is -1547 + 1a4a?
503
In base 11, what is 330 + -12797?
-12467
In base 9, what is -3686 - -1288?
-2387
In base 9, what is -11 + 8865644?
8865633
In base 8, what is 1610 + -4764?
-3154
In base 16, what is 7c5e - 1?
7c5d
In base 7, what is -5330562 - -146?
-5330413
In base 11, what is 17189 + 6295?
22473
In base 9, what is -24332 - 287?
-24630
In base 13, what is -1c - -15925c?
159240
In base 10, what is 161273570 - -5?
161273575
In base 14, what is -98908cb - -5?
-98908c6
In base 8, what is 3124 + -12443?
-7317
In base 5, what is -14312 - -100?
-14212
In base 9, what is 4027411 - -6?
4027417
In base 12, what is a3049 - 37?
a3012
In base 15, what is -6c71 - -9b3?
-62ad
In base 13, what is c563a + 4b?
c5688
In base 8, what is 5767167 + 77?
5767266
In base 9, what is 3 + 2484838?
2484842
In base 10, what is 139 + -3503945?
-3503806
In base 9, what is 55 + -235877?
-235822
In base 3, what is -2012 - 100121212020?
-100121221102
In base 15, what is -38d30d2 - -5?
-38d30cc
In base 15, what is 4e3 - -3c2c8?
3c7bb
In base 7, what is -1555 - -235355?
233500
In base 13, what is -813b5 - 48?
-81430
In base 16, what is 7 - 4abb0b?
-4abb04
In base 12, what is -3 - 98363a3?
-98363a6
In base 14, what is 244901 + 26?
244927
In base 16, what is d - -1cdbaa?
1cdbb7
In base 15, what is 10b + 2a4d?
2b59
In base 6, what is 3 + 354124541?
354124544
In base 5, what is 14 + -2200443434?
-2200443420
In base 11, what is 2 - 1631a014?
-1631a012
In base 3, what is -22212022 - -1222112?
-20212210
In base 4, what is -110111020122 - -21?
-110111020101
In base 10, what is -84300 - 24972?
-109272
In base 16, what is 77ec301 + -3?
77ec2fe
In base 5, what is 3144 - 344214403?
-344211204
In base 15, what is 26b2 + -383e?
-117c
In base 2, what is 1000011011011 - 1101100101?
110101110110
In base 8, what is -526555162 - 1?
-526555163
In base 14, what is -c0673 - -125?
-c054c
In base 4, what is -33 + 31232330?
31232231
In base 15, what is -5822e - -5?
-58